4
Let h(i) = 112*i + 1586. What is h(-49)?
-3902
Let n(o) = o**2 + 81*o + 1418. Determine n(-50).
-132
Let u(g) = 3*g**3 - 149*g**2 + 260*g - 144. Give u(48).
816
Let m(d) = d**3 - 120*d**2 + 1009*d + 10003. Determine m(110).
-7
Let y(r) = -r**3 - 89*r**2 - 566*r + 3214. What is y(-11)?
2
Let h(v) = -3*v**2 + 36531*v - 146143. What is h(4)?
-67
Let z(u) = -6*u**3 - 6*u**2 + 21. Calculate z(5).
-879
Let b(h) = h**2 + 3442*h + 78650. Give b(-23).
13
Let o(d) = 5*d**3 + 162*d**2 + 743*d + 278. What is o(-27)?
-100
Let y(b) = -2*b**2 + 679*b + 11026. Give y(355).
21
Let i(f) = 12854*f + 192795. Give i(-15).
-15
Let w(i) = -3*i**2 - 432*i + 16592. Determine w(-176).
-304
Let y(d) = -d**3 + 15*d**2 + 108*d - 1280. Determine y(17).
-22
Let i(q) = 365*q + 34657. What is i(-95)?
-18
Let b(n) = -3*n**2 - 839*n - 35845. Determine b(-227).
21
Let p(b) = -60*b - 11690. Calculate p(-189).
-350
Let l(p) = -633*p + 11969. Calculate l(19).
-58
Let g(a) = 145*a**2 + 263*a + 130. Give g(-1).
12
Let y(v) = -91*v**2 + 2939*v + 248. Calculate y(32).
1112
Let l(x) = -121*x - 9924. Give l(-84).
240
Let o(q) = -q**3 - 285*q**2 - 2759*q - 2490. Determine o(-275).
-15
Let j(v) = -169*v**2 + 1865*v - 67. What is j(11)?
-1
Let s(t) = -t**3 - 18*t**2 - 70*t + 58. Give s(-7).
9
Let c(j) = -16766*j + 67053. What is c(4)?
-11
Let w(o) = -36*o**3 + 2*o**2 + 353*o + 701. Determine w(-2).
291
Let z(u) = -32411*u + 745450. Determine z(23).
-3
Let q(u) = 26*u**3 + 180*u**2 - 487*u - 17. Determine q(-9).
-8
Let w(n) = -25*n**2 - 270*n - 684. Calculate w(-8).
-124
Let g(p) = -4*p**3 + 129*p**2 + 43166*p + 98. What is g(-89)?
9
Let l(g) = -4111*g - 139797. What is l(-34)?
-23
Let s(c) = 2230*c**3 + 3*c**2 - 456*c + 455. What is s(1)?
2232
Let j(m) = 31*m**2 + 2051*m - 1614. What is j(-67)?
128
Let d(x) = -854*x + 12458. Give d(15).
-352
Let x(w) = -2767*w + 10981. Determine x(4).
-87
Let h(t) = -9100*t + 282008. What is h(31)?
-92
Let p(r) = 2*r**3 - 124*r**2 - 20*r + 364. Determine p(62).
-876
Let c(m) = 27799*m + 361378. What is c(-13)?
-9
Let t(f) = -3*f**3 + 193*f**2 - 610*f + 11. Calculate t(61).
11
Let s(c) = -11*c**3 - 2*c**2 + 96*c - 193. Determine s(2).
-97
Let a(b) = b**2 + 593154*b + 1779445. What is a(-3)?
-8
Let z(f) = -32*f**2 - 130*f + 620. What is z(-7)?
-38
Let l(w) = -343*w**2 + 98549*w + 67685. Calculate l(288).
5
Let w(y) = y**3 - 10*y**2 - 748*y + 8345. Calculate w(11).
238
Let y(z) = -z**3 - 97*z**2 - 1750*z - 230. Determine y(-73).
-376
Let f(j) = -11504*j - 34426. Determine f(-3).
86
Let i(x) = -x**3 + 73*x**2 + 120*x + 2238. Give i(75).
-12
Let b(l) = 66*l + 386. Calculate b(-5).
56
Let p(o) = -2*o**3 + 207*o**2 - 4648*o - 73. What is p(33)?
92
Let r(m) = 199105*m + 1991108. What is r(-10)?
58
Let h(o) = -o**2 + 76*o + 3291. Give h(-26).
639
Let a(s) = -3*s**3 + 154*s**2 - 50*s - 76. Determine a(51).
-25
Let q(c) = -173575*c + 867861. Give q(5).
-14
Let h(k) = -75*k - 752. Calculate h(-8).
-152
Let s(k) = -932*k - 141572. Calculate s(-152).
92
Let a(u) = 7017*u - 111322. Determine a(16).
950
Let c(p) = -p**3 + 62*p**2 + 83*p + 51. Determine c(63).
1311
Let k(h) = 3*h**3 - 12*h**2 - 51*h + 130. Give k(2).
4
Let k(l) = l**3 + 531*l**2 + 3036*l + 1328184. Give k(-530).
4
Let a(w) = 6*w**3 - 77*w**2 - 59*w + 172. What is a(3)?
-536
Let m(r) = 4*r**2 - 1571*r - 10993. What is m(-7)?
200
Let a(y) = 17*y**3 - 7*y**2 + 295*y - 1835. What is a(6)?
3355
Let h(s) = s**3 - 193*s**2 + 1106*s + 15. What is h(6)?
-81
Let q(z) = -21*z**2 - 159*z - 1. Determine q(-2).
233
Let p(y) = -732*y + 10508. Calculate p(21).
-4864
Let o(v) = 9850*v - 118647. Determine o(12).
-447
Let z(y) = 5*y**2 - 5111*y - 15363. What is z(-3)?
15
Let k(h) = -h**3 - 26*h**2 + 55*h - 7. Determine k(2).
-9
Let v(r) = -r**2 - 166*r + 166162. Determine v(-499).
-5
Let l(z) = -6*z**2 + 602*z + 4232. Calculate l(108).
-736
Let v(x) = -154931*x + 1549300. Calculate v(10).
-10
Let r(c) = 12011*c - 120114. Determine r(10).
-4
Let o(h) = -2*h**2 + 159*h + 5629. Give o(101).
1286
Let l(s) = s**2 + 6895*s + 96377. Determine l(-14).
43
Let x(v) = 32*v**2 - 1225*v + 11745. Calculate x(21).
132
Let y(z) = -559*z**2 + 3822*z - 3818. Calculate y(1).
-555
Let w(r) = 10*r**2 + 188*r - 1368. Give w(-24).
-120
Let k(q) = 2278*q + 14035. What is k(-6)?
367
Let p(h) = 5651*h - 5967. Calculate p(1).
-316
Let y(w) = -2965*w**2 - 62282*w - 353. Calculate y(-21).
4
Let z(v) = -v**2 - 2516*v + 374770. What is z(141)?
133
Let t(x) = -3*x**3 + 2673*x**2 + 5367*x - 7912. What is t(893)?
125
Let i(o) = -3*o**3 + 13*o**2 - 144612*o + 578426. Give i(4).
-6
Let k(j) = -j**3 + 273*j**2 + 846*j - 5044. Determine k(276).
-76
Let r(v) = -184*v + 3847. Determine r(20).
167
Let h(q) = 671*q - 715. Determine h(1).
-44
Let o(h) = 5*h**3 - 68*h**2 - 241*h + 3010. Calculate o(14).
28
Let i(m) = -503*m + 22986. Calculate i(46).
-152
Let a(i) = -12*i**2 - 575*i + 208719. Determine a(-158).
1
Let k(h) = 110*h**2 - 3082*h - 71. Give k(26).
-5843
Let p(d) = -6*d**3 + 87*d**2 + 1121*d + 26. Determine p(-10).
3516
Let n(x) = -36206*x + 289459. Give n(8).
-189
Let p(o) = -84*o**2 + 62*o + 132. What is p(-2)?
-328
Let i(q) = -124*q**2 + 8457*q - 1847. What is i(68)?
-147
Let f(q) = -204*q**2 - 1386*q - 14. Determine f(-7).
-308
Let z(q) = -49623*q - 248700. Give z(-5).
-585
Let k(t) = 4*t**2 + 3821*t + 380732. Determine k(-113).
35
Let k(u) = 2*u**3 - 34*u**2 + 141*u - 35. Determine k(7).
-28
Let m(w) = -3*w**2 - 85*w - 278. Give m(-23).
90
Let n(j) = 214308*j + 428612. What is n(-2)?
-4
Let o(r) = r**3 - 5*r**2 + 7*r - 53. What is o(-4)?
-225
Let b(u) = u**2 + 139*u + 6102. Determine b(-60).
1362
Let l(r) = 3*r**3 + 87*r**2 + 83*r + 2465. Calculate l(-32).
-9407
Let n(b) = 2*b**3 + 30*b**2 - 151*b + 34. Calculate n(5).
279
Let b(v) = -25876*v + 284636. Calculate b(11).
0
Let x(j) = -207*j + 1634. Calculate x(-2).
2048
Let d(x) = -8*x**2 + 685*x - 4169. Calculate d(79).
18
Let w(m) = -5168*m + 67172. Give w(13).
-12
Let g(x) = 294*x - 242. Give g(2).
346
Let o(h) = -2*h**3 - 19*h**2 - 383*h - 2868. Give o(-8).
4
Let a(l) = 4*l**3 - 168*l**2 + 391*l - 9034. Determine a(41).
273
Let k(f) = 3682*f + 3752. What is k(-2)?
-3612
Let k(b) = -537*b - 8572. What is k(-16)?
20
Let j(n) = 7275*n + 58225. Give j(-8).
25
Let a(q) = 15*q**3 + 9*q**2 - 114*q - 373. Calculate a(-3).
-355
Let l(v) = 2*v**2 + 38*v - 1183. Determine l(17).
41
Let h(m) = m**3 + 176*m**2 - 540*m - 690. Calculate h(-179).
-153
Let d(h) = 89*h - 5389. Give d(62).
129
Let y(g) = -7*g**3 - 96*g**2 + 172*g + 9. Give y(2).
-87
Let l(f) = -3*f**3 + 18*f**2 - 3442*f + 20669. Calculate l(6).
17
Let f(d) = 974*d - 345466. What is f(355)?
304
Let c(o) = o**3 - 40*o**2 + 262*o - 309. Give c(7).
-92
Let t(z) = -7*z**2 - 31*z + 98. Give t(-7).
-28
Let t(k) = k**3 + 1642*k**2 - 185286*k + 3510. Give t(-1748).
14
Let n(u) = 7*u**3 + 26*u**2 - 134*u - 225. Calculate n(-6).
3
Let q(d) = -8765*d - 26613. What is q(-3)?
-318
Let d(b) = -71*b**2 + 940*b + 190. Calculate d(12).
1246
Let y(t) = 365*t - 12498. What is y(33)?
-453
Let w(u) = u**2 + 883*u + 135112. What is w(-197)?
-30
Let i(y) = -139*y**2 + 761*y - 332. Determine i(5).
-2
Let y(u) = 2*u**3 + 145*u**2 - 432*u - 2481. What is y(-75)?
1794
Let q(k) = -18*k**2 + 983*k - 2456. Determine q(52).
-12
Let x(h) = -218*h**3 - 28*h**2 + 50*h + 6. Calculate x(2).
-1750
Let c(x) = 13*x**3 + x**2 + 1763*x - 5260. Give c(3).
389
Let t(o) = -7*o**2 - 126140*o + 126143. Determine t(1).
-4
Let q(s) = s**2 + 866*s + 73928. Determine q(-96).
8
Let c(j) = 592*j - 35414. Give c(58).
-1078
Let q(n) = 10*n**2 + 2840*n + 17023. Determine q(-6).
343
Let n(m) = -m**3 + 84*m**2 - 389*m + 273. Give n(79).
747
Let m(j) = -32*j**3 - 5*j**2 + 69*j + 65. Calculate m(-1).
23
Let n(z) = -6*z**3 + 397*z**2 - 72*z - 353. What is n(66)?
-749
Let j(u) = -3*u**3 + 29*u**2 - 129*u + 85. What is j(3)?
-122
Let u(w) = w**3 - 33*w**2 - 25434*w + 839362. Calculate u(33).
40
Let b(z) = -32*z**2 - 8141*z - 11364. What is b(-253)?
21
Let g(r) = 1993*r + 115663. Determine g(-58).
69
Let z(h) = 70*h**3 - 23243*h**2 + 1031*h - 11621. Give z(332).
-1
Let m(v) = 231*v**2 + 1658*v + 3296. Calculate m(-2).
904
Let b(l) = 4*l**3 - 583*l**2 + 1019*l - 1566. Determine b(144).
18
Let r(l) = l**3 + 95*l